{"id":477,"date":"2020-12-05T18:30:50","date_gmt":"2020-12-05T17:30:50","guid":{"rendered":"https:\/\/deibele.eu\/rastadt\/?page_id=477"},"modified":"2020-12-07T10:30:46","modified_gmt":"2020-12-07T09:30:46","slug":"aktion-1005","status":"publish","type":"page","link":"https:\/\/deibele.eu\/rastadt\/aktion-1005\/","title":{"rendered":"Aktion 1005"},"content":{"rendered":"<p>&#8222;Aktion 1005&#8220; nannten die Nationalsozialisten die Beseitigung der Massengr\u00e4ber in den von Deutschen besetzten Gebieten Europas. Sie lie\u00dfen dabei die Leichen ihrer Opfer verbrennen, um sp\u00e4ter nicht zur Rechenschaft gezogen zu werden.<\/p>\n<p>Hier sind 2 Ausz\u00fcge aus der eidesstattlichen Erkl\u00e4rung von Paul Blobel:<br \/>\n[<a href=\"https:\/\/www.ns-archiv.de\/einsatzgruppen\/blobel\/eidesstattliche-erklaerung-1.php\">https:\/\/www.ns-archiv.de\/einsatzgruppen\/blobel\/eidesstattliche-erklaerung-1.php<\/a>]<\/p>\n<blockquote><p>&#8222;Ich stand unter Aufsicht des Amtes IV, unter dem ehemaligen Gruppenfuehrer MUELLER. Ich bekam im Herbst 1942 die Aufgabe, als Beauftragter MUELLER&#8217;s in die besetzten Ostgebiete zu fahren und die Spuren der Massengraeber, die von den Hinrichtungen der Einsatzgruppen stammten, zu verwischen. Diese Aufgabe hatte ich bis zum Sommer 1944.&#8220;<\/p>\n<p>&#8212;&#8212;&#8212;&#8212;&#8211;<\/p>\n<p>&#8222;Im April 1945 habe ich mich bei KALTENBRUNNER gemeldet und fuhr in die Gegend von SALZBURG. Damit habe ich mich weiteren Befehlen entzogen. Ich bin dann mit der Gruppe in RASTADT, Anfang Mai 1945, in Gefangenschaft geraten.&#8220;<\/p><\/blockquote>\n<p>In der Ver\u00f6ffentlichnung &#8222;Aktion 1005&#8243; &#8211; Spurenbeseitigung von NS-Massenverbrechen 1942 &#8211; 1945&#8220; (Andrej Angrick, Seite 604) gibt es einen Hinweis auf die Beiteiligung des Volksdeutschen Eugen St\u00fccka aus Odessa (der genaue Herkunftsort ist Rastadt) als Dolmetscher.<\/p>\n<blockquote><p>im Buch gefunden \u2013 Seite 604<br \/>\nAls Dolmetscher werden der dienstverpflichtete Studienrat Oberm\u00fcller (Spitzname: \u00bbBrosche Pana\u00ab oder \u00bbJawohl mein Herr\u00ab) und ein Eugen St\u00fccka (Volksdeutscher aus Odessa) genannt. Ebenda, Bl. 5851. 310 141 Js 204\/60 der StAnw&nbsp;&#8230;<\/p><\/blockquote>\n","protected":false},"excerpt":{"rendered":"<p>&#8222;Aktion 1005&#8220; nannten die Nationalsozialisten die Beseitigung der Massengr\u00e4ber in den von Deutschen besetzten Gebieten Europas. Sie lie\u00dfen dabei die Leichen ihrer Opfer verbrennen, um sp\u00e4ter nicht zur Rechenschaft gezogen zu werden. Hier sind 2 Ausz\u00fcge aus der eidesstattlichen Erkl\u00e4rung von Paul Blobel: [https:\/\/www.ns-archiv.de\/einsatzgruppen\/blobel\/eidesstattliche-erklaerung-1.php] &#8222;Ich stand unter Aufsicht des Amtes\u2026<\/p>\n<p class=\"continue-reading-button\"> <a class=\"continue-reading-link\" href=\"https:\/\/deibele.eu\/rastadt\/aktion-1005\/\">Continue reading<i class=\"crycon-right-dir\"><\/i><\/a><\/p>\n","protected":false},"author":1,"featured_media":0,"parent":0,"menu_order":0,"comment_status":"closed","ping_status":"closed","template":"","meta":{"ngg_post_thumbnail":0,"footnotes":""},"yoast_head":"<!-- This site is optimized with the Yoast SEO plugin v22.0 - https:\/\/yoast.com\/wordpress\/plugins\/seo\/ -->\n<title>Aktion 1005 - Rastadt (Beresan) Ahnenforschung<\/title>\n<meta name=\"robots\" content=\"index, follow, max-snippet:-1, max-image-preview:large, max-video-preview:-1\" \/>\n<link rel=\"canonical\" href=\"https:\/\/deibele.eu\/rastadt\/aktion-1005\/\" \/>\n<meta property=\"og:locale\" content=\"de_DE\" \/>\n<meta property=\"og:type\" content=\"article\" \/>\n<meta property=\"og:title\" content=\"Aktion 1005 - Rastadt (Beresan) Ahnenforschung\" \/>\n<meta property=\"og:description\" content=\"&#8222;Aktion 1005&#8220; nannten die Nationalsozialisten die Beseitigung der Massengr\u00e4ber in den von Deutschen besetzten Gebieten Europas. Sie lie\u00dfen dabei die Leichen ihrer Opfer verbrennen, um sp\u00e4ter nicht zur Rechenschaft gezogen zu werden. Hier sind 2 Ausz\u00fcge aus der eidesstattlichen Erkl\u00e4rung von Paul Blobel: [https:\/\/www.ns-archiv.de\/einsatzgruppen\/blobel\/eidesstattliche-erklaerung-1.php] &#8222;Ich stand unter Aufsicht des Amtes\u2026 Continue reading\" \/>\n<meta property=\"og:url\" content=\"https:\/\/deibele.eu\/rastadt\/aktion-1005\/\" \/>\n<meta property=\"og:site_name\" content=\"Rastadt (Beresan) Ahnenforschung\" \/>\n<meta property=\"article:modified_time\" content=\"2020-12-07T09:30:46+00:00\" \/>\n<meta name=\"twitter:card\" content=\"summary_large_image\" \/>\n<meta name=\"twitter:label1\" content=\"Gesch\u00e4tzte Lesezeit\" \/>\n\t<meta name=\"twitter:data1\" content=\"1\u00a0Minute\" \/>\n<script type=\"application\/ld+json\" class=\"yoast-schema-graph\">{\"@context\":\"https:\/\/schema.org\",\"@graph\":[{\"@type\":\"WebPage\",\"@id\":\"https:\/\/deibele.eu\/rastadt\/aktion-1005\/\",\"url\":\"https:\/\/deibele.eu\/rastadt\/aktion-1005\/\",\"name\":\"Aktion 1005 - Rastadt (Beresan) Ahnenforschung\",\"isPartOf\":{\"@id\":\"https:\/\/deibele.eu\/rastadt\/#website\"},\"datePublished\":\"2020-12-05T17:30:50+00:00\",\"dateModified\":\"2020-12-07T09:30:46+00:00\",\"breadcrumb\":{\"@id\":\"https:\/\/deibele.eu\/rastadt\/aktion-1005\/#breadcrumb\"},\"inLanguage\":\"de\",\"potentialAction\":[{\"@type\":\"ReadAction\",\"target\":[\"https:\/\/deibele.eu\/rastadt\/aktion-1005\/\"]}]},{\"@type\":\"BreadcrumbList\",\"@id\":\"https:\/\/deibele.eu\/rastadt\/aktion-1005\/#breadcrumb\",\"itemListElement\":[{\"@type\":\"ListItem\",\"position\":1,\"name\":\"Startseite\",\"item\":\"https:\/\/deibele.eu\/rastadt\/\"},{\"@type\":\"ListItem\",\"position\":2,\"name\":\"Aktion 1005\"}]},{\"@type\":\"WebSite\",\"@id\":\"https:\/\/deibele.eu\/rastadt\/#website\",\"url\":\"https:\/\/deibele.eu\/rastadt\/\",\"name\":\"Rastadt (Beresan) Ahnenforschung\",\"description\":\"Familien und Ortspl\u00e4ne, Geschichte\",\"potentialAction\":[{\"@type\":\"SearchAction\",\"target\":{\"@type\":\"EntryPoint\",\"urlTemplate\":\"https:\/\/deibele.eu\/rastadt\/?s={search_term_string}\"},\"query-input\":\"required name=search_term_string\"}],\"inLanguage\":\"de\"}]}<\/script>\n<!-- \/ Yoast SEO plugin. -->","yoast_head_json":{"title":"Aktion 1005 - Rastadt (Beresan) Ahnenforschung","robots":{"index":"index","follow":"follow","max-snippet":"max-snippet:-1","max-image-preview":"max-image-preview:large","max-video-preview":"max-video-preview:-1"},"canonical":"https:\/\/deibele.eu\/rastadt\/aktion-1005\/","og_locale":"de_DE","og_type":"article","og_title":"Aktion 1005 - Rastadt (Beresan) Ahnenforschung","og_description":"&#8222;Aktion 1005&#8220; nannten die Nationalsozialisten die Beseitigung der Massengr\u00e4ber in den von Deutschen besetzten Gebieten Europas. Sie lie\u00dfen dabei die Leichen ihrer Opfer verbrennen, um sp\u00e4ter nicht zur Rechenschaft gezogen zu werden. Hier sind 2 Ausz\u00fcge aus der eidesstattlichen Erkl\u00e4rung von Paul Blobel: [https:\/\/www.ns-archiv.de\/einsatzgruppen\/blobel\/eidesstattliche-erklaerung-1.php] &#8222;Ich stand unter Aufsicht des Amtes\u2026 Continue reading","og_url":"https:\/\/deibele.eu\/rastadt\/aktion-1005\/","og_site_name":"Rastadt (Beresan) Ahnenforschung","article_modified_time":"2020-12-07T09:30:46+00:00","twitter_card":"summary_large_image","twitter_misc":{"Gesch\u00e4tzte Lesezeit":"1\u00a0Minute"},"schema":{"@context":"https:\/\/schema.org","@graph":[{"@type":"WebPage","@id":"https:\/\/deibele.eu\/rastadt\/aktion-1005\/","url":"https:\/\/deibele.eu\/rastadt\/aktion-1005\/","name":"Aktion 1005 - Rastadt (Beresan) Ahnenforschung","isPartOf":{"@id":"https:\/\/deibele.eu\/rastadt\/#website"},"datePublished":"2020-12-05T17:30:50+00:00","dateModified":"2020-12-07T09:30:46+00:00","breadcrumb":{"@id":"https:\/\/deibele.eu\/rastadt\/aktion-1005\/#breadcrumb"},"inLanguage":"de","potentialAction":[{"@type":"ReadAction","target":["https:\/\/deibele.eu\/rastadt\/aktion-1005\/"]}]},{"@type":"BreadcrumbList","@id":"https:\/\/deibele.eu\/rastadt\/aktion-1005\/#breadcrumb","itemListElement":[{"@type":"ListItem","position":1,"name":"Startseite","item":"https:\/\/deibele.eu\/rastadt\/"},{"@type":"ListItem","position":2,"name":"Aktion 1005"}]},{"@type":"WebSite","@id":"https:\/\/deibele.eu\/rastadt\/#website","url":"https:\/\/deibele.eu\/rastadt\/","name":"Rastadt (Beresan) Ahnenforschung","description":"Familien und Ortspl\u00e4ne, Geschichte","potentialAction":[{"@type":"SearchAction","target":{"@type":"EntryPoint","urlTemplate":"https:\/\/deibele.eu\/rastadt\/?s={search_term_string}"},"query-input":"required name=search_term_string"}],"inLanguage":"de"}]}},"_links":{"self":[{"href":"https:\/\/deibele.eu\/rastadt\/wp-json\/wp\/v2\/pages\/477"}],"collection":[{"href":"https:\/\/deibele.eu\/rastadt\/wp-json\/wp\/v2\/pages"}],"about":[{"href":"https:\/\/deibele.eu\/rastadt\/wp-json\/wp\/v2\/types\/page"}],"author":[{"embeddable":true,"href":"https:\/\/deibele.eu\/rastadt\/wp-json\/wp\/v2\/users\/1"}],"replies":[{"embeddable":true,"href":"https:\/\/deibele.eu\/rastadt\/wp-json\/wp\/v2\/comments?post=477"}],"version-history":[{"count":10,"href":"https:\/\/deibele.eu\/rastadt\/wp-json\/wp\/v2\/pages\/477\/revisions"}],"predecessor-version":[{"id":572,"href":"https:\/\/deibele.eu\/rastadt\/wp-json\/wp\/v2\/pages\/477\/revisions\/572"}],"wp:attachment":[{"href":"https:\/\/deibele.eu\/rastadt\/wp-json\/wp\/v2\/media?parent=477"}],"curies":[{"name":"wp","href":"https:\/\/api.w.org\/{rel}","templated":true}]}}

<p>&#8222;Aktion 1005&#8220; nannten die Nationalsozialisten die Beseitigung der Massengräber in den von Deutschen besetzten Gebieten Europas. Sie ließen dabei die Leichen ihrer Opfer verbrennen, um später nicht zur Rechenschaft gezogen zu werden.</p>
<p>Hier sind 2 Auszüge aus der eidesstattlichen Erklärung von Paul Blobel:<br />
[<a href="https://www.ns-archiv.de/einsatzgruppen/blobel/eidesstattliche-erklaerung-1.php">https://www.ns-archiv.de/einsatzgruppen/blobel/eidesstattliche-erklaerung-1.php</a>]</p>
<blockquote><p>&#8222;Ich stand unter Aufsicht des Amtes IV, unter dem ehemaligen Gruppenfuehrer MUELLER. Ich bekam im Herbst 1942 die Aufgabe, als Beauftragter MUELLER&#8217;s in die besetzten Ostgebiete zu fahren und die Spuren der Massengraeber, die von den Hinrichtungen der Einsatzgruppen stammten, zu verwischen. Diese Aufgabe hatte ich bis zum Sommer 1944.&#8220;</p>
<p>&#8212;&#8212;&#8212;&#8212;&#8211;</p>
<p>&#8222;Im April 1945 habe ich mich bei KALTENBRUNNER gemeldet und fuhr in die Gegend von SALZBURG. Damit habe ich mich weiteren Befehlen entzogen. Ich bin dann mit der Gruppe in RASTADT, Anfang Mai 1945, in Gefangenschaft geraten.&#8220;</p></blockquote>
<p>In der Veröffentlichnung &#8222;Aktion 1005&#8243; &#8211; Spurenbeseitigung von NS-Massenverbrechen 1942 &#8211; 1945&#8220; (Andrej Angrick, Seite 604) gibt es einen Hinweis auf die Beiteiligung des Volksdeutschen Eugen Stücka aus Odessa (der genaue Herkunftsort ist Rastadt) als Dolmetscher.</p>
<blockquote><p>im Buch gefunden – Seite 604<br />
Als Dolmetscher werden der dienstverpflichtete Studienrat Obermüller (Spitzname: »Brosche Pana« oder »Jawohl mein Herr«) und ein Eugen Stücka (Volksdeutscher aus Odessa) genannt. Ebenda, Bl. 5851. 310 141 Js 204/60 der StAnw&nbsp;&#8230;</p></blockquote>

<p>&#8222;Aktion 1005&#8220; nannten die Nationalsozialisten die Beseitigung der Massengräber in den von Deutschen besetzten Gebieten Europas. Sie ließen dabei die Leichen ihrer Opfer verbrennen, um später nicht zur Rechenschaft gezogen zu werden. Hier sind 2 Auszüge aus der eidesstattlichen Erklärung von Paul Blobel: [https://www.ns-archiv.de/einsatzgruppen/blobel/eidesstattliche-erklaerung-1.php] &#8222;Ich stand unter Aufsicht des Amtes…</p>
<p class="continue-reading-button"> <a class="continue-reading-link" href="https://deibele.eu/rastadt/aktion-1005/">Continue reading<i class="crycon-right-dir"></i></a></p>

<!-- This site is optimized with the Yoast SEO plugin v22.0 - https://yoast.com/wordpress/plugins/seo/ -->
<title>Aktion 1005 - Rastadt (Beresan) Ahnenforschung</title>
<meta name="robots" content="index, follow, max-snippet:-1, max-image-preview:large, max-video-preview:-1" />
<link rel="canonical" href="https://deibele.eu/rastadt/aktion-1005/" />
<meta property="og:locale" content="de_DE" />
<meta property="og:type" content="article" />
<meta property="og:title" content="Aktion 1005 - Rastadt (Beresan) Ahnenforschung" />
<meta property="og:description" content="&#8222;Aktion 1005&#8220; nannten die Nationalsozialisten die Beseitigung der Massengräber in den von Deutschen besetzten Gebieten Europas. Sie ließen dabei die Leichen ihrer Opfer verbrennen, um später nicht zur Rechenschaft gezogen zu werden. Hier sind 2 Auszüge aus der eidesstattlichen Erklärung von Paul Blobel: [https://www.ns-archiv.de/einsatzgruppen/blobel/eidesstattliche-erklaerung-1.php] &#8222;Ich stand unter Aufsicht des Amtes… Continue reading" />
<meta property="og:url" content="https://deibele.eu/rastadt/aktion-1005/" />
<meta property="og:site_name" content="Rastadt (Beresan) Ahnenforschung" />
<meta property="article:modified_time" content="2020-12-07T09:30:46+00:00" />
<meta name="twitter:card" content="summary_large_image" />
<meta name="twitter:label1" content="Geschätzte Lesezeit" />
	<meta name="twitter:data1" content="1 Minute" />
<script type="application/ld+json" class="yoast-schema-graph">{"@context":"https://schema.org","@graph":[{"@type":"WebPage","@id":"https://deibele.eu/rastadt/aktion-1005/","url":"https://deibele.eu/rastadt/aktion-1005/","name":"Aktion 1005 - Rastadt (Beresan) Ahnenforschung","isPartOf":{"@id":"https://deibele.eu/rastadt/#website"},"datePublished":"2020-12-05T17:30:50+00:00","dateModified":"2020-12-07T09:30:46+00:00","breadcrumb":{"@id":"https://deibele.eu/rastadt/aktion-1005/#breadcrumb"},"inLanguage":"de","potentialAction":[{"@type":"ReadAction","target":["https://deibele.eu/rastadt/aktion-1005/"]}]},{"@type":"BreadcrumbList","@id":"https://deibele.eu/rastadt/aktion-1005/#breadcrumb","itemListElement":[{"@type":"ListItem","position":1,"name":"Startseite","item":"https://deibele.eu/rastadt/"},{"@type":"ListItem","position":2,"name":"Aktion 1005"}]},{"@type":"WebSite","@id":"https://deibele.eu/rastadt/#website","url":"https://deibele.eu/rastadt/","name":"Rastadt (Beresan) Ahnenforschung","description":"Familien und Ortspläne, Geschichte","potentialAction":[{"@type":"SearchAction","target":{"@type":"EntryPoint","urlTemplate":"https://deibele.eu/rastadt/?s={search_term_string}"},"query-input":"required name=search_term_string"}],"inLanguage":"de"}]}</script>
<!-- / Yoast SEO plugin. -->

&#8222;Aktion 1005&#8220; nannten die Nationalsozialisten die Beseitigung der Massengräber in den von Deutschen besetzten Gebieten Europas. Sie ließen dabei die Leichen ihrer Opfer verbrennen, um später nicht zur Rechenschaft gezogen zu werden. Hier sind 2 Auszüge aus der eidesstattlichen Erklärung von Paul Blobel: [https://www.ns-archiv.de/einsatzgruppen/blobel/eidesstattliche-erklaerung-1.php] &#8222;Ich stand unter Aufsicht des Amtes… Continue reading

Familien und Ortspläne, Geschichte
